{"id":5402,"date":"2023-02-06T14:27:01","date_gmt":"2023-02-06T14:27:01","guid":{"rendered":"https:\/\/leroux.qodeinteractive.com\/?page_id=5402"},"modified":"2024-07-29T17:37:24","modified_gmt":"2024-07-29T17:37:24","slug":"areas","status":"publish","type":"page","link":"https:\/\/lavinabogados.com\/eng\/areas\/","title":{"rendered":"Practice Areas"},"content":{"rendered":"<div data-elementor-type=\"wp-page\" data-elementor-id=\"5402\" class=\"elementor elementor-5402\">\n\t\t\t\t\t\t<section class=\"elementor-section elementor-top-section elementor-element elementor-element-be06fc4 qodef-elementor-content-grid elementor-section-boxed elementor-section-height-default elementor-section-height-default\" data-id=\"be06fc4\" data-element_type=\"section\">\n\t\t\t\t\t\t<div class=\"elementor-container elementor-column-gap-default\">\n\t\t\t\t\t<div class=\"elementor-column elementor-col-100 elementor-top-column elementor-element elementor-element-ce9a934 cm-mobile-areas\" data-id=\"ce9a934\" data-element_type=\"column\">\n\t\t\t<div class=\"elementor-widget-wrap elementor-element-populated\">\n\t\t\t\t\t\t<div class=\"elementor-element elementor-element-3afae5c elementor-widget elementor-widget-leroux_core_portfolio_list\" data-id=\"3afae5c\" data-element_type=\"widget\" data-widget_type=\"leroux_core_portfolio_list.default\">\n\t\t\t\t<div class=\"elementor-widget-container\">\n\t\t\t\t\t<div class=\"qodef-shortcode qodef-m  qodef-portfolio-list qodef-item-layout--info-below qodef-grid qodef-layout--columns  qodef-gutter--extra-large qodef-vertical-gutter--extra-large qodef-col-num--4 qodef-item-layout--info-below qodef-pagination--on qodef-pagination-type--standard qodef-responsive--custom qodef-col-num--1440--4 qodef-col-num--1366--4 qodef-col-num--1024--2 qodef-col-num--768--2 qodef-col-num--680--1 qodef-col-num--480--1 qodef-hover-animation--overlay\" data-options=\"{&quot;plugin&quot;:&quot;leroux_core&quot;,&quot;module&quot;:&quot;post-types\\\/portfolio\\\/shortcodes&quot;,&quot;shortcode&quot;:&quot;portfolio-list&quot;,&quot;post_type&quot;:&quot;portfolio-item&quot;,&quot;next_page&quot;:&quot;2&quot;,&quot;max_pages_num&quot;:1,&quot;behavior&quot;:&quot;columns&quot;,&quot;images_proportion&quot;:&quot;leroux_core_image_size_square&quot;,&quot;columns&quot;:&quot;4&quot;,&quot;columns_responsive&quot;:&quot;custom&quot;,&quot;columns_1440&quot;:&quot;4&quot;,&quot;columns_1366&quot;:&quot;4&quot;,&quot;columns_1024&quot;:&quot;2&quot;,&quot;columns_768&quot;:&quot;2&quot;,&quot;columns_680&quot;:&quot;1&quot;,&quot;columns_480&quot;:&quot;1&quot;,&quot;space&quot;:&quot;extra-large&quot;,&quot;vertical_space&quot;:&quot;extra-large&quot;,&quot;posts_per_page&quot;:&quot;9&quot;,&quot;orderby&quot;:&quot;date&quot;,&quot;order&quot;:&quot;ASC&quot;,&quot;additional_params&quot;:&quot;tax&quot;,&quot;tax&quot;:&quot;portfolio-category&quot;,&quot;tax_slug&quot;:&quot;areas&quot;,&quot;layout&quot;:&quot;info-below&quot;,&quot;hover_animation_info-below&quot;:&quot;overlay&quot;,&quot;hover_animation_info-follow&quot;:&quot;follow&quot;,&quot;hover_animation_info-on-hover&quot;:&quot;fade-in&quot;,&quot;title_tag&quot;:&quot;h5&quot;,&quot;custom_margin&quot;:&quot;no&quot;,&quot;pagination_type&quot;:&quot;standard&quot;,&quot;pagination_top_margin&quot;:&quot;margin-top: 108px&quot;,&quot;object_class_name&quot;:&quot;LerouxCore_Portfolio_List_Shortcode&quot;,&quot;taxonomy_filter&quot;:&quot;portfolio-category&quot;,&quot;additional_query_args&quot;:{&quot;tax_query&quot;:[{&quot;taxonomy&quot;:&quot;portfolio-category&quot;,&quot;field&quot;:&quot;slug&quot;,&quot;terms&quot;:&quot;areas&quot;}]},&quot;space_value&quot;:60}\">\n\t\t<div class=\"qodef-grid-inner\">\n\t\t<article class=\"qodef-e qodef-grid-item qodef-item--square post-5186 portfolio-item type-portfolio-item status-publish has-post-thumbnail hentry portfolio-category-areas portfolio-tag-project\">\n\t<div class=\"qodef-e-inner\" >\n\t\t<div class=\"qodef-e-media\">\n\t\t\t\t<div class=\"qodef-e-media-image\">\n\t\t<a itemprop=\"url\" href=\"https:\/\/lavinabogados.com\/eng\/item\/ambiental\/\" target=\"_self\">\n\t\t\t<img fetchpriority=\"high\" decoding=\"async\" width=\"650\" height=\"650\" src=\"https:\/\/lavinabogados.com\/wp-content\/uploads\/2024\/07\/1.Ambiental-650x650.jpg\" class=\"attachment-leroux_core_image_size_square size-leroux_core_image_size_square wp-post-image\" alt=\"\" srcset=\"https:\/\/lavinabogados.com\/wp-content\/uploads\/2024\/07\/1.Ambiental-650x650.jpg 650w, https:\/\/lavinabogados.com\/wp-content\/uploads\/2024\/07\/1.Ambiental-150x150.jpg 150w, https:\/\/lavinabogados.com\/wp-content\/uploads\/2024\/07\/1.Ambiental-1300x1300.jpg 1300w, https:\/\/lavinabogados.com\/wp-content\/uploads\/2024\/07\/1.Ambiental-300x300.jpg 300w, https:\/\/lavinabogados.com\/wp-content\/uploads\/2024\/07\/1.Ambiental-100x100.jpg 100w\" sizes=\"(max-width: 650px) 100vw, 650px\" \/>\t\t<\/a>\n\t<\/div>\n\t\t<\/div>\n\t\t<div class=\"qodef-e-content\" >\n\t\t\t<div class=\"qodef-e-top-holder\">\n\t\t\t\t<div class=\"qodef-e-text\">\n\t\t\t\t\t<h5 itemprop=\"name\" class=\"qodef-e-title entry-title\" >\n\t<a itemprop=\"url\" class=\"qodef-e-title-link\" href=\"https:\/\/lavinabogados.com\/eng\/item\/ambiental\/\" target=\"_self\">\n\t\tEnvironmental\t<\/a>\n<\/h5>\n\t\t\t\t<\/div>\n\t\t\t<\/div>\n\t\t\t<div class=\"qodef-e-info\">\n\t\t\t\t\t<a href=\"https:\/\/lavinabogados.com\/eng\/portfolio-category\/areas\/\" rel=\"tag\">areas<\/a>\t<div class=\"qodef-info-separator-end\"><\/div>\n\t\t\t<\/div>\n\t\t<\/div>\n\t<\/div>\n<\/article>\n<article class=\"qodef-e qodef-grid-item qodef-item--square post-5072 portfolio-item type-portfolio-item status-publish has-post-thumbnail hentry portfolio-category-areas portfolio-tag-project\">\n\t<div class=\"qodef-e-inner\" >\n\t\t<div class=\"qodef-e-media\">\n\t\t\t\t<div class=\"qodef-e-media-image\">\n\t\t<a itemprop=\"url\" href=\"https:\/\/lavinabogados.com\/eng\/item\/concesiones-maritimas\/\" target=\"_self\">\n\t\t\t<img decoding=\"async\" width=\"650\" height=\"650\" src=\"https:\/\/lavinabogados.com\/wp-content\/uploads\/2024\/07\/2.Concesiones-Maritimas-650x650.jpg\" class=\"attachment-leroux_core_image_size_square size-leroux_core_image_size_square wp-post-image\" alt=\"\" srcset=\"https:\/\/lavinabogados.com\/wp-content\/uploads\/2024\/07\/2.Concesiones-Maritimas-650x650.jpg 650w, https:\/\/lavinabogados.com\/wp-content\/uploads\/2024\/07\/2.Concesiones-Maritimas-150x150.jpg 150w, https:\/\/lavinabogados.com\/wp-content\/uploads\/2024\/07\/2.Concesiones-Maritimas-1300x1300.jpg 1300w, https:\/\/lavinabogados.com\/wp-content\/uploads\/2024\/07\/2.Concesiones-Maritimas-300x300.jpg 300w, https:\/\/lavinabogados.com\/wp-content\/uploads\/2024\/07\/2.Concesiones-Maritimas-100x100.jpg 100w\" sizes=\"(max-width: 650px) 100vw, 650px\" \/>\t\t<\/a>\n\t<\/div>\n\t\t<\/div>\n\t\t<div class=\"qodef-e-content\" >\n\t\t\t<div class=\"qodef-e-top-holder\">\n\t\t\t\t<div class=\"qodef-e-text\">\n\t\t\t\t\t<h5 itemprop=\"name\" class=\"qodef-e-title entry-title\" >\n\t<a itemprop=\"url\" class=\"qodef-e-title-link\" href=\"https:\/\/lavinabogados.com\/eng\/item\/concesiones-maritimas\/\" target=\"_self\">\n\t\tMaritime Concessions\t<\/a>\n<\/h5>\n\t\t\t\t<\/div>\n\t\t\t<\/div>\n\t\t\t<div class=\"qodef-e-info\">\n\t\t\t\t\t<a href=\"https:\/\/lavinabogados.com\/eng\/portfolio-category\/areas\/\" rel=\"tag\">areas<\/a>\t<div class=\"qodef-info-separator-end\"><\/div>\n\t\t\t<\/div>\n\t\t<\/div>\n\t<\/div>\n<\/article>\n<article class=\"qodef-e qodef-grid-item qodef-item--square post-5073 portfolio-item type-portfolio-item status-publish has-post-thumbnail hentry portfolio-category-areas portfolio-tag-project\">\n\t<div class=\"qodef-e-inner\" >\n\t\t<div class=\"qodef-e-media\">\n\t\t\t\t<div class=\"qodef-e-media-image\">\n\t\t<a itemprop=\"url\" href=\"https:\/\/lavinabogados.com\/eng\/item\/aguas\/\" target=\"_self\">\n\t\t\t<img decoding=\"async\" width=\"650\" height=\"650\" src=\"https:\/\/lavinabogados.com\/wp-content\/uploads\/2024\/07\/3.Aguas_-650x650.jpg\" class=\"attachment-leroux_core_image_size_square size-leroux_core_image_size_square wp-post-image\" alt=\"\" srcset=\"https:\/\/lavinabogados.com\/wp-content\/uploads\/2024\/07\/3.Aguas_-650x650.jpg 650w, https:\/\/lavinabogados.com\/wp-content\/uploads\/2024\/07\/3.Aguas_-150x150.jpg 150w, https:\/\/lavinabogados.com\/wp-content\/uploads\/2024\/07\/3.Aguas_-1300x1300.jpg 1300w, https:\/\/lavinabogados.com\/wp-content\/uploads\/2024\/07\/3.Aguas_-300x300.jpg 300w, https:\/\/lavinabogados.com\/wp-content\/uploads\/2024\/07\/3.Aguas_-100x100.jpg 100w\" sizes=\"(max-width: 650px) 100vw, 650px\" \/>\t\t<\/a>\n\t<\/div>\n\t\t<\/div>\n\t\t<div class=\"qodef-e-content\" >\n\t\t\t<div class=\"qodef-e-top-holder\">\n\t\t\t\t<div class=\"qodef-e-text\">\n\t\t\t\t\t<h5 itemprop=\"name\" class=\"qodef-e-title entry-title\" >\n\t<a itemprop=\"url\" class=\"qodef-e-title-link\" href=\"https:\/\/lavinabogados.com\/eng\/item\/aguas\/\" target=\"_self\">\n\t\tWaters\t<\/a>\n<\/h5>\n\t\t\t\t<\/div>\n\t\t\t<\/div>\n\t\t\t<div class=\"qodef-e-info\">\n\t\t\t\t\t<a href=\"https:\/\/lavinabogados.com\/eng\/portfolio-category\/areas\/\" rel=\"tag\">areas<\/a>\t<div class=\"qodef-info-separator-end\"><\/div>\n\t\t\t<\/div>\n\t\t<\/div>\n\t<\/div>\n<\/article>\n<article class=\"qodef-e qodef-grid-item qodef-item--square post-5121 portfolio-item type-portfolio-item status-publish has-post-thumbnail hentry portfolio-category-areas portfolio-tag-project\">\n\t<div class=\"qodef-e-inner\" >\n\t\t<div class=\"qodef-e-media\">\n\t\t\t\t<div class=\"qodef-e-media-image\">\n\t\t<a itemprop=\"url\" href=\"https:\/\/lavinabogados.com\/eng\/item\/mineria-energia-y-permisos\/\" target=\"_self\">\n\t\t\t<img loading=\"lazy\" decoding=\"async\" width=\"650\" height=\"650\" src=\"https:\/\/lavinabogados.com\/wp-content\/uploads\/2024\/07\/5.Mineria-Energia-y-Permisos-650x650.jpg\" class=\"attachment-leroux_core_image_size_square size-leroux_core_image_size_square wp-post-image\" alt=\"\" srcset=\"https:\/\/lavinabogados.com\/wp-content\/uploads\/2024\/07\/5.Mineria-Energia-y-Permisos-650x650.jpg 650w, https:\/\/lavinabogados.com\/wp-content\/uploads\/2024\/07\/5.Mineria-Energia-y-Permisos-150x150.jpg 150w, https:\/\/lavinabogados.com\/wp-content\/uploads\/2024\/07\/5.Mineria-Energia-y-Permisos-1300x1300.jpg 1300w, https:\/\/lavinabogados.com\/wp-content\/uploads\/2024\/07\/5.Mineria-Energia-y-Permisos-300x300.jpg 300w, https:\/\/lavinabogados.com\/wp-content\/uploads\/2024\/07\/5.Mineria-Energia-y-Permisos-100x100.jpg 100w\" sizes=\"(max-width: 650px) 100vw, 650px\" \/>\t\t<\/a>\n\t<\/div>\n\t\t<\/div>\n\t\t<div class=\"qodef-e-content\" >\n\t\t\t<div class=\"qodef-e-top-holder\">\n\t\t\t\t<div class=\"qodef-e-text\">\n\t\t\t\t\t<h5 itemprop=\"name\" class=\"qodef-e-title entry-title\" >\n\t<a itemprop=\"url\" class=\"qodef-e-title-link\" href=\"https:\/\/lavinabogados.com\/eng\/item\/mineria-energia-y-permisos\/\" target=\"_self\">\n\t\tMining, Energy and Permits\t<\/a>\n<\/h5>\n\t\t\t\t<\/div>\n\t\t\t<\/div>\n\t\t\t<div class=\"qodef-e-info\">\n\t\t\t\t\t<a href=\"https:\/\/lavinabogados.com\/eng\/portfolio-category\/areas\/\" rel=\"tag\">areas<\/a>\t<div class=\"qodef-info-separator-end\"><\/div>\n\t\t\t<\/div>\n\t\t<\/div>\n\t<\/div>\n<\/article>\n<article class=\"qodef-e qodef-grid-item qodef-item--square post-5163 portfolio-item type-portfolio-item status-publish has-post-thumbnail hentry portfolio-category-areas portfolio-tag-project\">\n\t<div class=\"qodef-e-inner\" >\n\t\t<div class=\"qodef-e-media\">\n\t\t\t\t<div class=\"qodef-e-media-image\">\n\t\t<a itemprop=\"url\" href=\"https:\/\/lavinabogados.com\/eng\/item\/tributario\/\" target=\"_self\">\n\t\t\t<img loading=\"lazy\" decoding=\"async\" width=\"650\" height=\"650\" src=\"https:\/\/lavinabogados.com\/wp-content\/uploads\/2024\/07\/4.Tributario-1-650x650.jpg\" class=\"attachment-leroux_core_image_size_square size-leroux_core_image_size_square wp-post-image\" alt=\"\" srcset=\"https:\/\/lavinabogados.com\/wp-content\/uploads\/2024\/07\/4.Tributario-1-650x650.jpg 650w, https:\/\/lavinabogados.com\/wp-content\/uploads\/2024\/07\/4.Tributario-1-150x150.jpg 150w, https:\/\/lavinabogados.com\/wp-content\/uploads\/2024\/07\/4.Tributario-1-1300x1300.jpg 1300w, https:\/\/lavinabogados.com\/wp-content\/uploads\/2024\/07\/4.Tributario-1-300x300.jpg 300w, https:\/\/lavinabogados.com\/wp-content\/uploads\/2024\/07\/4.Tributario-1-100x100.jpg 100w\" sizes=\"(max-width: 650px) 100vw, 650px\" \/>\t\t<\/a>\n\t<\/div>\n\t\t<\/div>\n\t\t<div class=\"qodef-e-content\" >\n\t\t\t<div class=\"qodef-e-top-holder\">\n\t\t\t\t<div class=\"qodef-e-text\">\n\t\t\t\t\t<h5 itemprop=\"name\" class=\"qodef-e-title entry-title\" >\n\t<a itemprop=\"url\" class=\"qodef-e-title-link\" href=\"https:\/\/lavinabogados.com\/eng\/item\/tributario\/\" target=\"_self\">\n\t\tTax and Accounting\t<\/a>\n<\/h5>\n\t\t\t\t<\/div>\n\t\t\t<\/div>\n\t\t\t<div class=\"qodef-e-info\">\n\t\t\t\t\t<a href=\"https:\/\/lavinabogados.com\/eng\/portfolio-category\/areas\/\" rel=\"tag\">areas<\/a>\t<div class=\"qodef-info-separator-end\"><\/div>\n\t\t\t<\/div>\n\t\t<\/div>\n\t<\/div>\n<\/article>\n<article class=\"qodef-e qodef-grid-item qodef-item--square post-5169 portfolio-item type-portfolio-item status-publish has-post-thumbnail hentry portfolio-category-areas portfolio-tag-project\">\n\t<div class=\"qodef-e-inner\" >\n\t\t<div class=\"qodef-e-media\">\n\t\t\t\t<div class=\"qodef-e-media-image\">\n\t\t<a itemprop=\"url\" href=\"https:\/\/lavinabogados.com\/eng\/item\/negocios\/\" target=\"_self\">\n\t\t\t<img loading=\"lazy\" decoding=\"async\" width=\"650\" height=\"650\" src=\"https:\/\/lavinabogados.com\/wp-content\/uploads\/2024\/07\/6.Empresa-y-Negocios-650x650.jpg\" class=\"attachment-leroux_core_image_size_square size-leroux_core_image_size_square wp-post-image\" alt=\"\" srcset=\"https:\/\/lavinabogados.com\/wp-content\/uploads\/2024\/07\/6.Empresa-y-Negocios-650x650.jpg 650w, https:\/\/lavinabogados.com\/wp-content\/uploads\/2024\/07\/6.Empresa-y-Negocios-150x150.jpg 150w, https:\/\/lavinabogados.com\/wp-content\/uploads\/2024\/07\/6.Empresa-y-Negocios-1300x1300.jpg 1300w, https:\/\/lavinabogados.com\/wp-content\/uploads\/2024\/07\/6.Empresa-y-Negocios-300x300.jpg 300w, https:\/\/lavinabogados.com\/wp-content\/uploads\/2024\/07\/6.Empresa-y-Negocios-100x100.jpg 100w\" sizes=\"(max-width: 650px) 100vw, 650px\" \/>\t\t<\/a>\n\t<\/div>\n\t\t<\/div>\n\t\t<div class=\"qodef-e-content\" >\n\t\t\t<div class=\"qodef-e-top-holder\">\n\t\t\t\t<div class=\"qodef-e-text\">\n\t\t\t\t\t<h5 itemprop=\"name\" class=\"qodef-e-title entry-title\" >\n\t<a itemprop=\"url\" class=\"qodef-e-title-link\" href=\"https:\/\/lavinabogados.com\/eng\/item\/negocios\/\" target=\"_self\">\n\t\tBusiness and Corporate\t<\/a>\n<\/h5>\n\t\t\t\t<\/div>\n\t\t\t<\/div>\n\t\t\t<div class=\"qodef-e-info\">\n\t\t\t\t\t<a href=\"https:\/\/lavinabogados.com\/eng\/portfolio-category\/areas\/\" rel=\"tag\">areas<\/a>\t<div class=\"qodef-info-separator-end\"><\/div>\n\t\t\t<\/div>\n\t\t<\/div>\n\t<\/div>\n<\/article>\n<article class=\"qodef-e qodef-grid-item qodef-item--square post-5175 portfolio-item type-portfolio-item status-publish has-post-thumbnail hentry portfolio-category-areas portfolio-tag-project\">\n\t<div class=\"qodef-e-inner\" >\n\t\t<div class=\"qodef-e-media\">\n\t\t\t\t<div class=\"qodef-e-media-image\">\n\t\t<a itemprop=\"url\" href=\"https:\/\/lavinabogados.com\/eng\/item\/proyectos\/\" target=\"_self\">\n\t\t\t<img loading=\"lazy\" decoding=\"async\" width=\"650\" height=\"650\" src=\"https:\/\/lavinabogados.com\/wp-content\/uploads\/2024\/07\/7.Proyectos-650x650.jpg\" class=\"attachment-leroux_core_image_size_square size-leroux_core_image_size_square wp-post-image\" alt=\"\" srcset=\"https:\/\/lavinabogados.com\/wp-content\/uploads\/2024\/07\/7.Proyectos-650x650.jpg 650w, https:\/\/lavinabogados.com\/wp-content\/uploads\/2024\/07\/7.Proyectos-150x150.jpg 150w, https:\/\/lavinabogados.com\/wp-content\/uploads\/2024\/07\/7.Proyectos-1300x1300.jpg 1300w, https:\/\/lavinabogados.com\/wp-content\/uploads\/2024\/07\/7.Proyectos-300x300.jpg 300w, https:\/\/lavinabogados.com\/wp-content\/uploads\/2024\/07\/7.Proyectos-100x100.jpg 100w\" sizes=\"(max-width: 650px) 100vw, 650px\" \/>\t\t<\/a>\n\t<\/div>\n\t\t<\/div>\n\t\t<div class=\"qodef-e-content\" >\n\t\t\t<div class=\"qodef-e-top-holder\">\n\t\t\t\t<div class=\"qodef-e-text\">\n\t\t\t\t\t<h5 itemprop=\"name\" class=\"qodef-e-title entry-title\" >\n\t<a itemprop=\"url\" class=\"qodef-e-title-link\" href=\"https:\/\/lavinabogados.com\/eng\/item\/proyectos\/\" target=\"_self\">\n\t\tProjects\t<\/a>\n<\/h5>\n\t\t\t\t<\/div>\n\t\t\t<\/div>\n\t\t\t<div class=\"qodef-e-info\">\n\t\t\t\t\t<a href=\"https:\/\/lavinabogados.com\/eng\/portfolio-category\/areas\/\" rel=\"tag\">areas<\/a>\t<div class=\"qodef-info-separator-end\"><\/div>\n\t\t\t<\/div>\n\t\t<\/div>\n\t<\/div>\n<\/article>\n\t<\/div>\n\t<\/div>\n\t\t\t\t<\/div>\n\t\t\t\t<\/div>\n\t\t\t\t\t<\/div>\n\t\t<\/div>\n\t\t\t\t\t<\/div>\n\t\t<\/section>\n\t\t<div class=\"elementor-element elementor-element-ded5aee e-con-full e-flex e-con e-parent\" data-id=\"ded5aee\" data-element_type=\"container\" data-settings=\"{&quot;background_background&quot;:&quot;classic&quot;}\">\n\t\t\t\t<\/div>\n\t\t\t\t<\/div>","protected":false},"excerpt":{"rendered":"<p>Ambiental areas Concesiones Mar\u00edtimas areas Aguas areas Miner\u00eda, Energ\u00eda y Permisos areas Tributario areas Empresas y Negocios areas Proyectos areas<\/p>","protected":false},"author":1,"featured_media":0,"parent":0,"menu_order":0,"comment_status":"closed","ping_status":"closed","template":"","meta":{"footnotes":""},"class_list":["post-5402","page","type-page","status-publish","hentry"],"aioseo_notices":[],"_links":{"self":[{"href":"https:\/\/lavinabogados.com\/eng\/wp-json\/wp\/v2\/pages\/5402","targetHints":{"allow":["GET"]}}],"collection":[{"href":"https:\/\/lavinabogados.com\/eng\/wp-json\/wp\/v2\/pages"}],"about":[{"href":"https:\/\/lavinabogados.com\/eng\/wp-json\/wp\/v2\/types\/page"}],"author":[{"embeddable":true,"href":"https:\/\/lavinabogados.com\/eng\/wp-json\/wp\/v2\/users\/1"}],"replies":[{"embeddable":true,"href":"https:\/\/lavinabogados.com\/eng\/wp-json\/wp\/v2\/comments?post=5402"}],"version-history":[{"count":0,"href":"https:\/\/lavinabogados.com\/eng\/wp-json\/wp\/v2\/pages\/5402\/revisions"}],"wp:attachment":[{"href":"https:\/\/lavinabogados.com\/eng\/wp-json\/wp\/v2\/media?parent=5402"}],"curies":[{"name":"wp","href":"https:\/\/api.w.org\/{rel}","templated":true}]}}